at are the prime factors of y?
3
Suppose -2*o + 58 = -0*m + 4*m, 3*m + o - 41 = 0. Let l be m/9*(-18)/(-4). Let u = 17 - l. What are the prime factors of u?
11
Suppose 5*n - 25 = -85. Let l = n - -32. List the prime factors of l.
2, 5
Suppose -440 = 5*n - 0*n. What are the prime factors of (-2)/3 + n/(-6)?
2, 7
Suppose 5*v - 165 = -5*t, -3*t = v + v - 99. Suppose 4*f + 0*f - t = o, 4*o = -3*f + 39. List the prime factors of f.
3
Let z(g) = g**2 + g. Let n be z(-5). Suppose -4*c + 32 = -n. Suppose 0 = 5*b - c - 47. List the prime factors of b.
2, 3
Let f(l) = -l**2 + 6*l + 7. Let m be f(7). Suppose m*c = -c + 10. What are the prime factors of 1/(-2) + 145/c?
2, 7
Let u(p) = 2*p**2 - 17*p - 6. What are the prime factors of u(-6)?
2, 3, 7
Let t = 4 + -1. Suppose t*b = -l - 2*b + 2, 2*l - 3*b - 4 = 0. Suppose 0 = -4*f + 2*q + 24, 14 = l*f - 5*q + 2. What are the prime factors of f?
2, 3
Suppose 0 = -8*r + r + 868. List the prime factors of r.
2, 31
What are the prime factors of (-6)/(0 + 4/(-10))?
3, 5
Suppose 3*l - 17 + 59 = s, 5*s - 130 = -l. List the prime factors of s.
3
Let k = -2 - -2. Suppose k = v - 11 - 2. What are the prime factors of v?
13
List the prime factors of (24/5)/(3/30).
2, 3
Let a = -41 - -66. List the prime factors of a.
5
Let w = -28 + 39. Suppose -3*v - 2*b + b = -11, 0 = v + 4*b - w. Suppose 0 = -v*t + 4 + 35. What are the prime factors of t?
13
Let i = -79 - -195. What are the prime factors of i?
2, 29
Suppose 32 = 5*w - 2*z, 4*z = -3*w - z + 44. Suppose -4*c = -w*c + 36. List the prime factors of c.
3
List the prime factors of -1 - (9/2)/(2/(-36)).
2, 5
What are the prime factors of (2/6)/((-1)/(-81))?
3
What are the prime factors of 55 - 5/(20/8)?
53
Suppose 0 = -2*c + 3*c - 21. Suppose -4*m + c = -m. Suppose m + 7 = 2*f. What are the prime factors of f?
7
Suppose -12 = 2*t - 42. What are the prime factors of t?
3, 5
Let d(f) = f - 3. Let x be d(6). Suppose -4*i - n = -14, i - x*n = -4 + 1. What are the prime factors of i/(-9) - (-31)/3?
2, 5
Let b(y) = -2*y**2 - 2*y**2 - 3*y**2 + 4*y - 1 + 8*y**2. Let w = 1 - 8. What are the prime factors of b(w)?
2, 5
Let m(a) = -a**3 + 7*a**2 + 6*a + 9. Let g be m(8). List the prime factors of (-5)/(-20) - g/4.
2
Let p be (1 - -6)*(1 + -2). Let l(u) = -u**3 + 12*u**2 + 2. Let a be l(12). Let y = a - p. What are the prime factors of y?
3
Suppose -2*r + 85 = -51. List the prime factors of r.
2, 17
Suppose w + 5*v = 101, -545 = -2*w - 3*w - 5*v. List the prime factors of w.
3, 37
Let h be (4/(-5))/((-16)/120). What are the prime factors of ((-3)/h)/(3/(-18))?
3
Suppose -1030 = 3*v - 13*v. What are the prime factors of v?
103
Let y(b) = -23*b - 3. Let k be y(-3). Suppose -22 = -i + 4. Suppose -k = -5*s - i. List the prime factors of s.
2
Let m be 3/(-2)*52/(-6). Suppose 5*b = b + 84. Let f = b - m. What are the prime factors of f?
2
Suppose -5*f + 18 + 7 = 0. Suppose 4*u - f*u - 7 = -3*j, 2*u = -j + 7. List the prime factors of u.
2
Let s(m) = -m**3 - 7*m**2 + m + 10. What are the prime factors of s(-8)?
2, 3, 11
Suppose 4*r = -r. Let b be r + ((-2)/1 - 0). Let k = 4 - b. List the prime factors of k.
2, 3
Suppose 23 = 5*s + 3*h, 4*s - 12 = -0*s + 4*h. Suppose -p - 4*b + 114 = s*p, -4*p = -5*b - 83. What are the prime factors of p?
2, 11
Suppose -h = -3*h - 10, 3*h + 24 = u. List the prime factors of u.
3
Suppose -v + 0*s + 4*s - 3 = 0, v - 5*s = -5. Suppose -6 = -j + 4*m, 2*m - 5 = -v*j + 113. Let f = -11 + j. What are the prime factors of f?
11
Let h = 0 - 1. Let x = h - -6. Suppose 19 = x*j - 16. List the prime factors of j.
7
Let g(d) = d + 8. Let v be g(0). Let u be -4*v/(1 + 0). Let k = 47 + u. What are the prime factors of k?
3, 5
Let l be ((-16)/(-4) - 3)*0. Suppose l = -2*v + 3*c + c + 10, 2*v = 5*c + 5. List the prime factors of v.
3, 5
Let j(i) = i**3 - 6*i**2 + 2*i - 2. Let g(d) = -d + 3. Suppose 0*q = -4*q + x - 10, 0 = q - 2*x - 1. Let b be g(q). List the prime factors of j(b).
2, 5
Suppose -n - 11 = 2*u, 0 = -3*n - 2*u - u - 18. Let g be -6*(-1 - n/3). Suppose 2*f - 3*y = y + 8, -4*f + g*y + 24 = 0. What are the prime factors of f?
2
Let v be 447/6 + (-3)/6. Suppose 5*t = 61 + v. List the prime factors of (t/(-12))/(2/(-8)).
3
Suppose 0 = -5*k - 5*d - 100, 5*k + 63 + 43 = d. Let s = -5 - k. List the prime factors of s.
2
List the prime factors of 2/(-15) + 19510/75.
2, 5, 13
Let b be 63/12 - 1/4. Let j be (4/b)/(8/20). Suppose -2 = -j*q + 2*g, -3*q + q - 4*g + 14 = 0. List the prime factors of q.
3
Suppose -5*n + 11 = -p - 5, 0 = -5*n + 3*p + 18. Suppose -r + n*r - 50 = 0. List the prime factors of r.
5
Suppose 18 = 5*y + 88. Let l be 14/21 - 64/(-3). Let o = l + y. What are the prime factors of o?
2
Let j = 50 - 34. What are the prime factors of j?
2
Let g(r) = -8*r**2 - 5*r**2 + 2 + 14*r**2. Let f be 3/9 + (-14)/6. What are the prime factors of g(f)?
2, 3
List the prime factors of -1 + 4 + (-5 - -38).
2, 3
Suppose 2*u - 6 = 4. Let h = 7 + u. List the prime factors of h.
2, 3
Suppose 3*h - 55 = 5*m, 0 = 3*h - 0*m + 4*m - 37. Let u = h - 11. What are the prime factors of u?
2
What are the prime factors of -1*10/35 - 1602/(-21)?
2, 19
Suppose 3*o = -16*o + 2242. What are the prime factors of o?
2, 59
Let b = -217 - -343. Suppose 0 = -5*i + o + 132, -3*i + b = 2*i + 2*o. Let u = 45 - i. List the prime factors of u.
19
Let m(l) = 8*l**3 - l**2 - 2*l - 1. List the prime factors of m(2).
5, 11
Let o = -9 + 9. Suppose -p + 51 - 3 = o. Let y = 70 - p. What are the prime factors of y?
2, 11
Suppose 3*y = 7 - 1. Let o(f) = -4*f. Let m be o(-1). Suppose -t - 6 = y*d + d, -m*t + 3*d = -21. What are the prime factors of t?
3
Suppose -4*z - 20 = z. List the prime factors of (2 + z)/(6/(-96)).
2
Let p(r) = 26*r**3 - r**2 - r - 1. Let i(t) = -t. Let l(k) = i(k) + p(k). Let z be l(-1). Let g = 37 + z. What are the prime factors of g?
11
Let d = -6 - -26. What are the prime factors of d?
2, 5
Let p be ((-3)/9)/(1/(-9)). Suppose p*m + m = 52. What are the prime factors of m?
13
Let j(v) be the third derivative of 0*v - v**2 + 0 + 5/24*v**4 - 1/6*v**3. What are the prime factors of j(2)?
3
Let h(o) = 2*o**2 + 4*o + 2. What are the prime factors of h(-5)?
2
Let h be 42/(-8) + 15/(-20). What are the prime factors of (-3 - h)*(2 - 1)?
3
Let i = 0 + 0. Suppose 4*l - 4*r + 8 = 0, -3*l - r + 10 = -i*r. Suppose -6 - 2 = -l*x. List the prime factors of x.
2
Let i be 1/((-1)/4*-1). Suppose i*t - 38 = 62. Suppose -x - 3*u + 2*u = -7, -t = -3*x - 2*u. What are the prime factors of x?
11
Suppose 3*a + 20 = -a. Let o(z) = -z + 6. List the prime factors of o(a).
11
What are the prime factors of (-5 - 410/4)*(-3 - -1)?
5, 43
Suppose 0 = o - 0*o - 3. Let c = 6 - o. What are the prime factors of c?
3
Let r = 0 + 3. Let w(t) = 0 - r*t + 3 + 0. List the prime factors of w(-3).
2, 3
List the prime factors of 77 - 9/(3/1).
2, 37
Suppose 40 - 412 = -4*b. List the prime factors of b.
3, 31
Let m = 5 - 6. Let j be m - ((-36)/2)/3. What are the prime factors of j*5*(-16)/(-20)?
2, 5
Let q(c) = 9*c**2 - 4*c + 2. What are the prime factors of q(-3)?
5, 19
Suppose 0 = -3*i - 4*s + 626, 0 = -7*i + 9*i + 3*s - 417. List the prime factors of i.
2, 3, 5, 7
Let l(c) = c**2 + 2*c + 2. Let r be l(-3). Suppose r*p = 5*b + 50, -5*p + 5*b + 55 = b. List the prime factors of 5/(p/6) - -2.
2
Suppose 0 = -2*j - 0*j + 10. Suppose 0 = -s + j*s - 40. What are the prime factors of s?
2, 5
Let y = 7 + 1. Let u = 12 - y. List the prime factors of u.
2
Let c(v) be the second derivative of -v**5/20 - v**4/2 - v**3/3 - v**2 - 3*v. What are the prime factors of c(-6)?
2, 5
Let d(f) = 6*f**2 + 14*f + 35. List the prime factors of d(-6).
167
Let u(p) = -68*p**3 - p - 1. Let t be u(-1). Suppose -4*k = -5*g - t, 5*k + 3*g = -g + 44. List the prime factors of k.
2, 3
Suppose -10*t = -702 + 132. What are the prime factors of t?
3, 19
Let j = -64 - -244. List the prime factors of j.
2, 3, 5
Suppose -48 - 36 = -2*b. Suppose f = 2*d + 33, -f - 120 = -5*f + 4*d. Let o = b - f. List the prime factors of o.
3, 5
Let c(t) = 36*t**2 - 4*t + 3. List the prime factors of c(1).
5, 7
Let f be 13*-2*2/(-4). Suppose -2*v + 4 = 2*v, v - f = -2*k. List the prime factors of k.
2, 3
Suppose 4*c = s + 283, 2*s + 62 = 3*c - 2*c. Suppose -2*j + 44 = 5*g, -2*j + 0*